)?
-4
Let k(c) = -c**2 + 10*c - 11. Give k(11).
-22
Let p(i) = 14*i + 277. What is p(-20)?
-3
Let i(o) = o**3 + 10*o**2 + 10*o + 13. What is i(-9)?
4
Let o(m) = -m**2 - 9*m + 21. Determine o(-7).
35
Let x(w) = w**3 + 12*w**2 + 11*w - 4. Determine x(-11).
-4
Let q(n) = -7*n - 3. Determine q(3).
-24
Let k(a) = -a**3 + 3*a**2 - a + 4. Give k(4).
-16
Let c(b) = -b - 3. What is c(8)?
-11
Let n(g) = g**3 + 2*g**2 - 28*g + 17. What is n(-7)?
-32
Let y(l) = l**3 + 6*l**2 + 10*l - 1. Calculate y(-7).
-120
Let t(z) = -z**2 - 5*z - 12. What is t(-5)?
-12
Let x(u) = -u**2 - 3*u - 9. Calculate x(-5).
-19
Let t(r) = 3*r**2 - 2*r + 2. Calculate t(3).
23
Let x(h) = -h**3 - 4*h**2 + 4*h - 2. Calculate x(-4).
-18
Let b(a) = -3*a - 4. Determine b(1).
-7
Let v(r) = r**2 + 18*r - 47. What is v(-21)?
16
Let q(c) = -2*c**3 + 5*c**2 - 3*c + 1. Give q(3).
-17
Let u(t) = -t + 24. Calculate u(9).
15
Let r(v) = 3*v + 76. Calculate r(-21).
13
Let l(a) = 8*a - 65. Give l(14).
47
Let k(t) = t**3 - 10*t**2 + 17*t - 6. Determine k(2).
-4
Let h(d) = -2*d**3 - 8*d**2 - 15*d - 6. Give h(-4).
54
Let s(g) = 26*g + 12. What is s(-4)?
-92
Let f(y) = -y**3 + 30*y**2 - 32*y + 56. Determine f(29).
-31
Let u(h) = h**2 - 10*h - 10. What is u(10)?
-10
Let n(v) = v + 1. Give n(7).
8
Let a(f) = -4*f - 27. Give a(-12).
21
Let n(s) = s**2 + 5*s - 6. Determine n(2).
8
Let x(k) = -k. Determine x(0).
0
Let r(c) = 3*c + 16. Determine r(-8).
-8
Let s(l) = l**2 - 13*l + 25. What is s(8)?
-15
Let x(y) = -2*y**3 + 5*y**2 - 3*y. Calculate x(4).
-60
Let o(z) = -12*z + 120. Calculate o(9).
12
Let z(s) = 11*s + 20. Calculate z(-3).
-13
Let m(o) = -28*o**3 + 2*o**2 + 2*o + 1. Give m(-1).
29
Let l(g) = g - 6. Calculate l(5).
-1
Let a(b) = 4*b - 4. Determine a(-1).
-8
Let h(x) = 4*x - 5. What is h(8)?
27
Let z(s) = s**2 - 3*s + 2. What is z(5)?
12
Let j(c) = 4*c**2 - 92*c + 11. What is j(23)?
11
Let o(z) = -2*z**2 - 11*z + 12. Determine o(-7).
-9
Let f(h) = h**3 + h**2 - 20. Determine f(0).
-20
Let z(k) = -17*k**2. Determine z(1).
-17
Let j(z) = -6*z + 60. Give j(6).
24
Let y(j) = 2*j**3 - 26*j**2 + j + 16. Give y(13).
29
Let y(o) = o**2 + 18*o + 38. Calculate y(-14).
-18
Let m(r) = r**3 - 4*r**2 - 31*r - 1. What is m(8)?
7
Let l(a) = -a**2 - 3*a + 1. Calculate l(-3).
1
Let c(f) = -f - 12. Determine c(9).
-21
Let d(y) = -y**3 - 5*y**2 + y - 40. What is d(-6)?
-10
Let y(v) = v**2 + 23*v - 220. Calculate y(-30).
-10
Let f(d) = d + 8. Calculate f(-22).
-14
Let u(n) = -n - 16. Give u(-10).
-6
Let b(w) = w**3 + w**2 - w - 30. Determine b(0).
-30
Let q(d) = -d**3 - 2*d**2 + 12*d + 9. Determine q(-5).
24
Let c(l) = 2*l**3 + 23*l**2 - 16*l - 15. What is c(-12)?
33
Let g(m) = m**3 + 7*m**2 + 12*m + 6. What is g(-4)?
6
Let y(x) = -342*x - 2057. Calculate y(-6).
-5
Let o(p) = p**2 - 7*p - 10. What is o(8)?
-2
Let s(y) = y**3 + 9*y**2 + 9*y - 1. Calculate s(-8).
-9
Let t(n) = 26*n**3 - 2*n**2 - 2*n. Calculate t(-1).
-26
Let t(n) = n**3 + 27*n**2 - 26*n + 39. Determine t(-28).
-17
Let r(y) = -y**3 + 6*y**2 - 2*y + 5. Calculate r(6).
-7
Let g(l) = -l**3 - 10*l**2 + 9*l - 19. Give g(-11).
3
Let w(d) = -2*d**2 - 20*d + 7. Calculate w(-10).
7
Let i(g) = 39*g - 21. What is i(1)?
18
Let r(m) = -m**3 - 8*m**2 - 10*m - 1. Determine r(-7).
20
Let b(r) = -2*r**2 + 8*r - 3. Give b(7).
-45
Let l(t) = t**2 + 22*t - 41. Calculate l(-24).
7
Let x(n) = -4*n - 4. Give x(-4).
12
Let v(k) = -2*k + 23. Give v(9).
5
Let j(x) = -24*x - 2. Calculate j(-2).
46
Let w(j) = j**3 + 33*j**2 - j - 26. What is w(-33)?
7
Let i(u) = u**2 - 2*u - 22. What is i(8)?
26
Let q(g) = -g**2 + g + 6. What is q(6)?
-24
Let r(u) = -u**3 + 4*u**2 + 8*u - 9. Determine r(6).
-33
Let d(p) = 197*p - 1368. Calculate d(7).
11
Let v(p) = -15*p - 4. Give v(1).
-19
Let n(v) = v**3 - 8*v**2 + 15*v - 13. Calculate n(6).
5
Let n(q) = -2*q**3 + q**2 - 3*q + 1. Determine n(2).
-17
Let q(l) = l**3 - 11*l**2 + 2*l - 16. Calculate q(11).
6
Let u(q) = -q**3 + 27*q**2 - 67*q - 127. What is u(24)?
-7
Let l(z) = z + 20. Calculate l(-5).
15
Let o(c) = 14*c + 57. What is o(-4)?
1
Let f(c) = -c**3 + c**2 + 5*c + 4. Calculate f(3).
1
Let z(t) = t**3 - 8*t**2 + 3*t + 4. Give z(3).
-32
Let w(h) = -10*h**2 + h - 1. Give w(1).
-10
Let y(z) = -z**2 + 17*z - 17. Give y(15).
13
Let o(v) = v**2 + 5*v - 49. What is o(0)?
-49
Let y(c) = -c**3 + 6*c**2 - 8*c + 6. Give y(4).
6
Let b(y) = -32*y**2 - 10*y + 1. Give b(-3).
-257
Let c(z) = -z**3 - 17*z**2 + z + 3. What is c(-17)?
-14
Let m(o) = 46*o - 2. Determine m(1).
44
Let c(w) = -w**2 + 5*w - 8. Determine c(2).
-2
Let s(n) = -3*n**3 - 4*n + 3. What is s(1)?
-4
Let p(n) = -14*n - 19. Give p(-2).
9
Let z(a) = 3*a - 28. Give z(7).
-7
Let m(p) = 5*p - 7. Calculate m(3).
8
Let m(s) = s**2 - 24*s + 91. Give m(18).
-17
Let o(i) = i**3 - 4*i**2 + 5*i - 3. Give o(5).
47
Let p(i) = -2*i + 13. What is p(5)?
3
Let o(k) = 4*k + 10. Determine o(2).
18
Let z(m) = -4*m - 27. Give z(-9).
9
Let y(h) = -4*h**3 + 14*h**2 - 7*h + 8. Determine y(3).
5
Let x(r) = 3*r - 37. What is x(19)?
20
Let w(k) = -k**2 + 9*k - 14. What is w(6)?
4
Let c(j) = j**2 + 28*j + 131. Give c(-6).
-1
Let c(w) = w**3 + 3*w**2 - 13*w - 3. Determine c(-6).
-33
Let g(s) = 42*s**2 - 2*s - 3. Calculate g(-1).
41
Let t(m) = 2*m - 20. Give t(-7).
-34
Let o(n) = 3*n - 6. Calculate o(5).
9
Let y(a) = a**3 - 4*a**2 - 2*a + 6. Calculate y(3).
-9
Let i(z) = z**3 + 16*z**2 - 33*z + 43. Determine i(-18).
-11
Let u(b) = 16*b. Determine u(3).
48
Let i(y) = -y + 4. Calculate i(-3).
7
Let i(x) = x**2 + x + 10. Give i(0).
10
Let t(r) = -r**3 - 7*r**2 + 4*r - 33. What is t(-8)?
-1
Let m(y) = -y**2 + 4*y - 7. Determine m(2).
-3
Let l(n) = -n**2 - 5*n - 5. Determine l(-5).
-5
Let m(z) = -2*z**2 - 56*z - 18. Determine m(-27).
36
Let s(k) = -14*k + 283. Give s(19).
17
Let i(r) = -r**3 + 5*r**2 - 5*r + 10. Determine i(4).
6
Let o(r) = 94*r**2 - 3*r + 4. Determine o(1).
95
Let g(s) = 3*s + 83. Give g(-26).
5
Let p(d) = d**3 + 5*d**2 + 2*d - 2. Calculate p(-6).
-50
Let a(u) = u**3 + 6*u**2 - 4*u + 3. Give a(-7).
-18
Let v(h) = 3*h - 4. Determine v(-3).
-13
Let o(m) = -12*m + 130. Calculate o(10).
10
Let k(o) = -o**2 + 13*o + 16. Determine k(12).
28
Let r(a) = -a**3 + 4*a**2 + 3*a + 4. Calculate r(4).
16
Let t(u) = -22*u - 151. What is t(-7)?
3
Let j(o) = 2*o**2 - 8*o + 12. What is j(6)?
36
Let o(h) = 5*h**2 - 54*h - 8. What is o(11)?
3
Let t(n) = -3*n**2 - 19*n - 10. What is t(-6)?
-4
Let g(y) = y**3 - 8*y**2 + 5*y - 2. What is g(8)?
38
Let z(q) = q + 19. What is z(-7)?
12
Let p(l) = -6*l + 34. Calculate p(8).
-14
Let y(s) = 2*s + 9. Determine y(8).
25
Let i(z) = -z**2 - z + 1. What is i(0)?
1
Let n(t) = 2*t**2 - 5*t + 5. Determine n(2).
3
Let r(m) = -46*m**3 + m**2 + 3*m + 2. Determine r(-1).
46
Let f(d) = 7*d - 22. Calculate f(4).
6
Let v(a) = -a - 21. Calculate v(-9).
-12
Let h(y) = y**3 - 4*y**2 + 3*y - 6. Calculate h(5).
34
Let o(p) = 2*p**3 - 11*p**2 - 3*p + 13. What is o(5)?
-27
Let w(g) = -g + 11. Give w(0).
11
Let d(n) = -n**3 - 6*n**2 - 4*n + 6. What is d(-3)?
-9
Let k(x) = x**2 - 6*x + 1. What is k(6)?
1
Let t(v) = -2*v + 37. Calculate t(9).
19
Let w(t) = -t**2 + 4*t + 1. Give w(5).
-4
Let u(n) = n**3 + 10*n**2 - 16*n - 10. Determine u(-11).
45
Let c(l) = 5*l - 36. Calculate c(8).
4
Let d(a) = -a**2 - 4*a + 2. What is d(-5)?
-3
Let w(v) = v**3 - 8*v**2 + 8*v + 5. Give w(7).
12
Let w(d) = -18*d. Calculate w(2).
-36
Let t(z) = -3*z**2 - 6*z + 22. What is t(-9)?
-167
Let v(f) = f**3 - 6*f**2 + 2*f - 13. Calculate v(6).
-1
Let b(d) = -15*d - 5. What is b(6)?
-95
Let m(y) = 7*y + 1. Calculate m(-1).
-6
Let x(q) = -q - 21. What is x(-22)?
1
Let j(i) = -i**3 - 4*i**2 + 4*i - 3. Give j(2).
-19
Let g(o) = o**3 - 10*o**2 + 12*o + 9. What is g(9)?
36
Let o(q) = 38*q + 20. Determine o(-1).
-18
Let s(v) = -2*v + 17. Calculate s(13).
-9
Let w(s) = s**3 + 5*s**2 + 4*s + 7. What is w(-4)?
7
Let h(u) = u**3 - 2*u**2 - 4*u + 8. What is h(2)?
0
Let v(b) = -b**2 + 25*b + 16. Give v(26).
-10
Let s(p) = 6*p + 30. What is s(-6)?
-6
Let y(f) = -2*f - 47. Give y(-17).
-13
Let n(r) = -r**3 + 8*r**2 - 11*r - 5. Determine n(7).
-33
Let s(w) = 3*w - 12. What is s(8)?
12
Let m(j) = -3*j + 14. Determine m(9).
-13
Let i(w) = -2*w**2 + 22*w + 85. Calculate i(14).
1
Let k(m) = -7*m + 145. Determine k(21).
-2
Let b(h) = h**3 - 6*h**2 - 15*